-32) + 0). What is the greatest common factor of 96 and i?
32
Let i = -41 - -103. Let b = i - 6. What is the greatest common factor of b and 140?
28
Suppose -4*u = -4*p - 14 - 2, -2*p = -5*u + 29. Suppose 0 = 3*c - t - 171, 2*c + 3*t = 6*c - 233. Calculate the greatest common factor of c and u.
7
Let g = -87 - -120. What is the greatest common factor of 132 and g?
33
Suppose 0 = -9*d + 10*d - 5*l - 45, -5*l = 4*d - 105. Suppose -3*q = -0*q - 18. Calculate the greatest common factor of d and q.
6
Suppose 4*g + 14 = 5*p, p + g + 5 - 15 = 0. Suppose 10*f = 53*f - 129. Calculate the greatest common factor of p and f.
3
Let s be 19 - 10 - (-5373)/3. Calculate the highest common divisor of s and 24.
24
Suppose r = 98 + 49. Suppose 0*c - 3*c + 14 = 4*o, 2*o = -4*c + 12. Suppose 4*b - c*n - 31 = 45, -17 = -b + n. What is the greatest common factor of r and b?
21
Let r(d) = -7*d + 12. Let j be r(2). Let z be (0 + (0 - 40))/j. Let b be 8/10*(-25)/(-2). Calculate the highest common factor of b and z.
10
Let m(x) = x**2 - 12*x - 5. Let z = 66 + -52. Let t be m(z). Calculate the highest common factor of t and 161.
23
Suppose n = -a + 7 - 2, 0 = n + 3*a - 13. Let z be n + 5/(10/4). Suppose -z*q + 9 = 0, -3*q - 19 = -j - 2*q. What is the highest common factor of j and 2?
2
Let n(d) = 3*d - 19. Suppose 3*f + b = -0*f + 49, 0 = -3*b + 12. Let z be n(f). Calculate the highest common factor of z and 39.
13
Let k(q) = -q**2 + 11*q - 18. Let t be k(9). Suppose t = 7*x + x - 48. What is the highest common factor of x and 6?
6
Suppose 0 = 6*l - 2 + 38. Let c be (8/l*13)/(4/(-18)). What is the highest common divisor of c and 26?
26
Let k be (-6)/9*3/2. Let h be ((-63)/(-15) - 3)/(k/(-10)). What is the greatest common factor of h and 156?
12
Let j be 0*2/(-1 - -3). Let y = 3 + j. Let q be -1 + 66 + y/3. What is the highest common factor of q and 22?
22
Let y(m) be the second derivative of 4*m**3/3 - 16*m**2 + 12*m. Let f be y(7). What is the highest common divisor of f and 96?
24
Suppose -6 = -t + 3. Suppose -7*s + 5*s = -6. Suppose l - 73 = 2*y, s*l + 0*y = 2*y + 199. Calculate the highest common divisor of l and t.
9
Let t(y) = 1 + 0 - 1 - 1 + 3*y. Let j = -4 - -6. Let r be t(j). Calculate the greatest common factor of r and 1.
1
Let q be -1 + 0 + ((-3105)/(-15) - 10). Calculate the greatest common factor of q and 49.
49
Let n = -10 - -14. Let q be (4/(-6) + 3/(-9))*-4. Suppose n*r - 501 = -r - 3*w, 2*r = q*w + 190. Calculate the greatest common divisor of 11 and r.
11
Let t(d) be the first derivative of -d**4/4 + 11*d**3/3 + 2*d**2 + 14*d + 3. Let v be t(11). Let l = v - 34. What is the highest common factor of 16 and l?
8
Let y(p) = -p**3 - 4*p**2 - p + 7. Let h be y(-3). Let x be ((-45)/10)/(h/(-22)). Calculate the highest common divisor of x and 9.
9
Let l = -262 - -370. What is the highest common divisor of l and 144?
36
Suppose -172 - 71 = -4*o - v, -v = 3*o - 183. Calculate the greatest common factor of 12 and o.
12
Suppose q + 5*a - 15 - 5 = 0, -12 = -4*a. Calculate the greatest common divisor of q and 160.
5
Let z(j) = 74*j + 315. Let n be z(4). Calculate the highest common divisor of n and 26.
13
Let t(m) = 2*m**3 - 6*m**2 - 23. Let l be t(4). What is the greatest common factor of 414 and l?
9
Suppose 5*h - 4*y + 6 = 13, 25 = 5*h + 5*y. Suppose 8*s = f + h*s - 44, -236 = -4*f + 5*s. Calculate the highest common factor of f and 16.
16
Suppose -4 - 5 = -q. Suppose 0 = 4*i - 11 - q. Suppose i*h + 2 = 6*o - 3*o, 0 = -2*o - 5*h + 43. What is the greatest common factor of o and 36?
9
Let d be -5 - 9/1*4/(-4). Calculate the greatest common divisor of 328 and d.
4
Let p(y) = y**3 - 6*y**2 + 4*y + 6. Let o be p(5). Let f be (7 - 7) + (o - -2). Let a be (-2)/(-3)*f + 118. What is the highest common divisor of 15 and a?
15
Let w(f) = -12*f. Let t be w(1). Let x be (4/t)/(2/(-18)). Let b(r) = -107*r + 2167. Let u be b(20). What is the highest common factor of u and x?
3
Let y be (-4)/14 + (-494)/(-14). Suppose 5*x - 85 = 6*v - v, 5*v = -x + 11. Let w be ((-4)/x)/((-1)/20). What is the highest common divisor of y and w?
5
Let i be 1 + ((-9)/((-567)/1872) - (-10)/35). Suppose -5*o - 27 = a - 104, -3*a = 3*o - 195. Calculate the highest common divisor of a and i.
31
Suppose -2918*y = -2926*y + 1664. What is the highest common divisor of 13 and y?
13
Let r = -19 - -22. Suppose -r*j + 41 = 17. What is the greatest common factor of 16 and j?
8
Suppose -19 = -d - 5*j, d + 7*j = 5*j + 13. What is the highest common divisor of 603 and d?
9
Let w(q) = -10*q - 46. Let m be w(-5). Suppose 589 + 471 = 4*y + 4*d, 2*y - 524 = m*d. Calculate the highest common factor of y and 24.
24
Let b be 238/10 - (-3 - 4 - (-1360)/200). Let r be (-2)/6 + 73/3. What is the highest common divisor of r and b?
24
Suppose -3*f - 6*x - 3 = -3*x, -3*f - 4 = 4*x. Suppose 4*v + 3*s = 12, 3*s + 0*s = f. What is the greatest common factor of 39 and v?
3
Suppose 0 = -3*c + 5 + 7. Suppose -8*s = -c*s - 60. Let g be (s/(-20))/((-2)/24). What is the greatest common divisor of 9 and g?
9
Let d(f) = f + 7. Let b be d(-5). Let v(p) = p + 26. Let o(k) = -4*k + 12. Let t be o(8). Let u be v(t). What is the highest common divisor of u and b?
2
Suppose -107 = -12*u + 301. Calculate the highest common divisor of u and 170.
34
Let z(o) = 2*o**3 - 72*o**2 + 5*o - 103. Let c be z(36). What is the highest common factor of 616 and c?
77
Let y(j) = j - 8. Let s be y(8). Suppose s = -5*f + 3*u + 60, 0 = 5*f + 5*u - 23 - 37. What is the greatest common factor of f and 48?
12
Suppose g = 5*k + 3, 0 = -2*g + 52*k - 53*k + 61. Suppose -3 = -2*x + 39. What is the highest common factor of x and g?
7
Let x(d) = -d**2 + 12*d + 16. Let n(b) = -b - 1. Let q(a) = -6*n(a) - x(a). Let i be q(8). Let w = 27 + -15. What is the greatest common divisor of w and i?
6
Let f = -289 - -454. Calculate the greatest common factor of f and 33.
33
Let x be (391/138)/((-1)/(-12)). Calculate the highest common divisor of 187 and x.
17
Let p = 579 - 481. What is the highest common divisor of 2 and p?
2
Suppose -3*x + 11*x - 1768 = 0. Calculate the highest common divisor of x and 13.
13
Suppose 0 = 5*s - 99 - 231. Let m be (-48)/(-20)*-4*(-20)/32. Calculate the greatest common divisor of s and m.
6
Let g be 12/(-18) + (-80)/(-3). Suppose 6*l = 3*l + 9, -4*q = -l - 309. Suppose 0*i - i + q = 0. What is the highest common divisor of i and g?
26
Let t = 3 - -20. Suppose -t - 7 = -6*u. What is the greatest common factor of 35 and u?
5
Let a be (-90)/(-60)*(-8)/(-6). What is the highest common divisor of a and 1?
1
Let d = 35 + -20. Let b(r) = r - d + 5*r - r. Let k be b(15). Calculate the highest common factor of k and 12.
12
Let q be 5/((0 + 2)/10). Let d = 232 + -228. Suppose d - q = -3*p. Calculate the highest common factor of 63 and p.
7
Suppose -24 = -5*x + 106. Suppose 4*z - 286 = -7*z. Calculate the highest common factor of x and z.
26
Let u be (-9)/((-9)/(9 - 0)). Calculate the greatest common divisor of 279 and u.
9
Let o be (-2 - (-3 - -4))*-6. Let q be (2*(-15)/(-35))/(1/21). Calculate the greatest common factor of q and o.
18
Suppose 5*r - 3*r = 2704. What is the highest common factor of 52 and r?
52
Let j be (-10)/(-45) + 34/9. What is the highest common divisor of j and 6?
2
Let c(b) = 6*b - 1. Let z be c(1). Suppose z*a + i - 619 = -0*i, i + 1 = 0. Calculate the highest common factor of a and 31.
31
Let o be 15/6*11/((-110)/(-12)). Let l = 2 - 5. Let y = o - l. What is the highest common factor of 6 and y?
6
Let o be 3/(-3) + (-1 - -2). Let s be o - (-4 + (-4)/4). Suppose 5*m + 3*k - 24 - 6 = 0, 40 = s*m + k. Calculate the greatest common divisor of m and 63.
9
Let m(b) = -2*b**3 + 22*b**2 - 19*b - 4. Let g be m(10). Let j(q) = -q**2 - 5*q + 2. Let z be j(-4). Calculate the greatest common factor of z and g.
6
Suppose 42*j + 1305 = 57*j. What is the greatest common factor of 203 and j?
29
Suppose w - 8 = 4. Let v = w + -14. Let t be -3 + 3 - 4/v. Calculate the highest common divisor of t and 10.
2
Let q = -138 - -144. Suppose z - 35 = -q*z. Calculate the greatest common divisor of 155 and z.
5
Let b = 692 + -674. What is the highest common factor of b and 234?
18
Suppose 0 = -75*f + 61*f + 4480. Calculate the greatest common factor of f an